{"id":2972,"date":"2021-03-15T15:51:42","date_gmt":"2021-03-15T13:51:42","guid":{"rendered":"http:\/\/suchtpraevention-eschwege.de\/?page_id=2972"},"modified":"2025-01-15T10:15:08","modified_gmt":"2025-01-15T09:15:08","slug":"suchtpraevention","status":"publish","type":"page","link":"https:\/\/suchtpraevention-eschwege.de\/?page_id=2972","title":{"rendered":"Suchtpr\u00e4vention"},"content":{"rendered":"\n<p><strong>Ansprechpartnerin:<\/strong><\/p>\n\n\n\n<div class=\"wp-block-group\"><div class=\"wp-block-group__inner-container is-layout-flow wp-block-group-is-layout-flow\">\n<div class=\"wp-block-group\"><div class=\"wp-block-group__inner-container is-layout-flow wp-block-group-is-layout-flow\">\n<div class=\"wp-block-group\"><div class=\"wp-block-group__inner-container is-layout-flow wp-block-group-is-layout-flow\">\n<div class=\"wp-block-columns is-layout-flex wp-container-core-columns-is-layout-9d6595d7 wp-block-columns-is-layout-flex\">\n<div class=\"wp-block-column is-layout-flow wp-block-column-is-layout-flow\">\n<div class=\"wp-block-image\"><figure class=\"alignleft size-large is-resized\"><img loading=\"lazy\" decoding=\"async\" src=\"https:\/\/suchtpraevention-eschwege.de\/wp-content\/uploads\/2022\/09\/IMG-1069-4-703x1024.jpg\" alt=\"\" class=\"wp-image-3427\" width=\"207\" height=\"301\" srcset=\"https:\/\/suchtpraevention-eschwege.de\/wp-content\/uploads\/2022\/09\/IMG-1069-4-703x1024.jpg 703w, https:\/\/suchtpraevention-eschwege.de\/wp-content\/uploads\/2022\/09\/IMG-1069-4-206x300.jpg 206w, https:\/\/suchtpraevention-eschwege.de\/wp-content\/uploads\/2022\/09\/IMG-1069-4-768x1118.jpg 768w, https:\/\/suchtpraevention-eschwege.de\/wp-content\/uploads\/2022\/09\/IMG-1069-4-1055x1536.jpg 1055w, https:\/\/suchtpraevention-eschwege.de\/wp-content\/uploads\/2022\/09\/IMG-1069-4-1406x2048.jpg 1406w, https:\/\/suchtpraevention-eschwege.de\/wp-content\/uploads\/2022\/09\/IMG-1069-4.jpg 1718w\" sizes=\"auto, (max-width: 207px) 100vw, 207px\" \/><figcaption>Vanessa Fries<\/figcaption><\/figure><\/div>\n<\/div>\n\n\n\n<div class=\"wp-block-column is-layout-flow wp-block-column-is-layout-flow\">\n<p><\/p>\n<\/div>\n<\/div>\n<\/div><\/div>\n<\/div><\/div>\n<\/div><\/div>\n\n\n\n<p><strong>Fachstelle f\u00fcr Suchtpr\u00e4vention<\/strong><br>Diakonisches Werk Werra-Mei\u00dfner<br>Vanessa Fries<br>Leuchtbergstra\u00dfe 10 b<br>37269 Eschwege<strong><br><\/strong><\/p>\n\n\n\n<p>Telefon: 0 56 51 \/ 33 94 29 &#8211; 6<br>Fax: 0 56 51 \/ 76 337<\/p>\n\n\n\n<p><\/p>\n\n\n\n<p>E-Mail: <a href=\"mailto:suchtpraevention@diakonie-werra-meissner.de\">suchtpraevention@diakonie-werra-meissner.de<\/a><\/p>\n\n\n\n<hr class=\"wp-block-separator\"\/>\n\n\n\n<p><\/p>\n\n\n\n<p><strong>Suchtpr\u00e4vention<\/strong><\/p>\n\n\n\n<ul class=\"wp-block-list\"><li>arbeitet vorrangig im Bereich der<strong>&nbsp;Prim\u00e4rpr\u00e4vention<\/strong> <strong>(universellen Pr\u00e4vention)<\/strong> zur F\u00f6rderung der Pers\u00f6nlichkeitsentwicklung und allgemein zur St\u00e4rkung der Pers\u00f6nlichkeit.<\/li><li>m\u00f6chte die&nbsp;sch\u00fctzenden Faktoren st\u00e4rken, die einen sp\u00e4teren Suchtmittelmi\u00dfbrauch verhindern k\u00f6nnen.<\/li><li>mu\u00df fr\u00fchzeitig einsetzen,&nbsp;<strong>ursachenorientiert, ganzheitlich<\/strong>&nbsp;und langfristig angelegt sein und kontinuierlich und <strong>zielgruppenbezogen<\/strong>&nbsp;durchgef\u00fchrt werden.<\/li><li>geht&nbsp;<strong>drogenunspezifisch&nbsp;<\/strong>vor.<\/li><li>ist Teil einer Gesamtkonzeption zur&nbsp;<strong>Gesundheitsf\u00f6rderung<\/strong>.<\/li><li>richtet sich (im Unterschied zur Suchtbehandlung) an alle&nbsp;<strong>gesunden Menschen<\/strong>. Einer Sucht vorbeugen kann und mu\u00df man, bevor sie sichtbar wird, bevor ein manifestes Suchtverhalten vorhanden ist.<\/li><li>m\u00f6chte Menschen helfen, eigene&nbsp;<strong>Lebensbew\u00e4ltigungsstrategien<\/strong>&nbsp;zu entwickeln, die in kritischen Lebensphasen zum Tragen kommen. Dadurch kann verhindert werden, da\u00df sie zu Bet\u00e4ubungsmitteln greifen, um Probleme zu bew\u00e4ltigen.<\/li><li>setzt sich u.a. mit folgenden&nbsp;Fragen&nbsp;auseinander: ,,Wie gehe ich mit Entt\u00e4uschungen, Verletzungen oder Konflikten um?\u201d; \u201cWie selbstbewu\u00dft bin ich?\u201d; ,,Welche Ziele habe ich in meinem Leben?\u201d; ,,Worin liegt f\u00fcr mich der Sinn im Leben?\u201d; ,,Was bewegt mich, wenn ich an meine Zukunft denke?\u201d<br>Je mehr sich Menschen mit sich und ihrem Leben positiv auseinandersetzen, desto weniger werden sie versuchen, sich zu bet\u00e4uben.<\/li><li>stellt nicht das Suchtmittel und die daraus resultierenden Gef\u00e4hrdungen in den Mittelpunkt, sondern versucht Zugang zu den pers\u00f6nlichen,&nbsp;<strong>kreativen M\u00f6glichkeiten<\/strong>&nbsp;zu er\u00f6ffnen, die es erm\u00f6glichen, Erfolgserlebnisse und Lebensfreude zu erfahren.<\/li><li>ist kein statischer Zustand, sondern ein<strong>&nbsp;lebenslanger Prozess<\/strong>.<\/li><li>hei\u00dft&nbsp;<strong>kritische Auseinandersetzung mit Genuss und Genussmitteln<\/strong>.<\/li><li>ist kein Spezialfeld f\u00fcr Experten, sondern&nbsp;<strong>Aufgabe aller am Erziehungsprozess Beteiligten<\/strong>.<\/li><li>kann nur von Menschen geleistet werden, die die Zielgruppe \u00fcber einen l\u00e4ngeren Zeitraum begleiten, z.B. Eltern, Lehrer, Sozialarbeiter, etc.<\/li><li>mu\u00df deshalb z.B. in die Ausbildung von Lehrern, Medizinern, Erziehern, Sozialarbeitern integriert werden.<br>Eltern m\u00fcssen entsprechende Kenntnisse erhalten.<\/li><li>wird effektiver, wenn Ma\u00dfnahmen aufeinander abgestimmt werden und Einzelpersonen bzw. Institutionen in diesem Bereich&nbsp;<strong>vernetzt<\/strong>&nbsp;werden.<\/li><li>ist&nbsp;<strong>regional zu strukturieren<\/strong>&nbsp;(z.B. im Stadtteil, Stadt, Landkreis).<\/li><li>ist eine wichtige&nbsp;<strong>politische Aufgabe<\/strong>, geht es doch darum optimale Lebens- und Entwicklungsbedingungen f\u00fcr Menschen zu schaffen.<\/li><li>mu\u00df sich deshalb um eine&nbsp;<strong>Lobby<\/strong>&nbsp;im sozialen und politischen Bereich bem\u00fchen.<\/li><\/ul>\n\n\n\n<p><strong>Die Fachstelle f\u00fcr Suchtpr\u00e4vention bietet folgende Dienstleistungen an:<\/strong><\/p>\n\n\n\n<ul class=\"wp-block-list\"><li>Beispielhafte Planung und Durchf\u00fchrung von erlebnisorientierten und informativen Veranstaltungen in Kinderg\u00e4rten, Konfirmanden- und Jugendgruppen sowie Vereinen<\/li><li>Mitarbeit in Schulen (z.B. bei Projekttagen und im Unterricht)<\/li><li>\u00d6ffentlichkeitsarbeit (Kontakt zu Presse und Rundfunk)<\/li><li>Schulung von Multiplikatoren (Jugendliche, Eltern, Lehrer, MitarbeiterInnen in Kinderg\u00e4rten, Vereinen und Jugendeinrichtungen)<\/li><li>Vortrags- und Gespr\u00e4chsangebote in Volkshochschulen und anderen Bildungseinrichtungen<\/li><li>Mitarbeit in Arbeitskreisen zur Vermittlung und Schaffung pr\u00e4ventiv wirkender Strukturen<\/li><li>Bereitstellung von Medien (Fachliteratur, Filme, Plakate, Spiele, Brosch\u00fcren etc.)<\/li><\/ul>\n\n\n\n<p><\/p>\n\n\n\n<p><\/p>\n","protected":false},"excerpt":{"rendered":"<p>Ansprechpartnerin: Fachstelle f\u00fcr Suchtpr\u00e4ventionDiakonisches Werk Werra-Mei\u00dfnerVanessa FriesLeuchtbergstra\u00dfe 10 b37269 Eschwege Telefon: 0 56 51 \/ 33 94 29 &#8211; 6Fax: 0 56 51 \/ 76 337 E-Mail: suchtpraevention@diakonie-werra-meissner.de Suchtpr\u00e4vention arbeitet vorrangig im Bereich der&nbsp;Prim\u00e4rpr\u00e4vention (universellen Pr\u00e4vention) zur F\u00f6rderung der Pers\u00f6nlichkeitsentwicklung und allgemein zur St\u00e4rkung der Pers\u00f6nlichkeit. m\u00f6chte die&nbsp;sch\u00fctzenden Faktoren st\u00e4rken, die einen sp\u00e4teren Suchtmittelmi\u00dfbrauch verhindern [&hellip;]<\/p>\n","protected":false},"author":9,"featured_media":0,"parent":0,"menu_order":0,"comment_status":"closed","ping_status":"closed","template":"","meta":{"footnotes":""},"class_list":["post-2972","page","type-page","status-publish","hentry"],"_links":{"self":[{"href":"https:\/\/suchtpraevention-eschwege.de\/index.php?rest_route=\/wp\/v2\/pages\/2972","targetHints":{"allow":["GET"]}}],"collection":[{"href":"https:\/\/suchtpraevention-eschwege.de\/index.php?rest_route=\/wp\/v2\/pages"}],"about":[{"href":"https:\/\/suchtpraevention-eschwege.de\/index.php?rest_route=\/wp\/v2\/types\/page"}],"author":[{"embeddable":true,"href":"https:\/\/suchtpraevention-eschwege.de\/index.php?rest_route=\/wp\/v2\/users\/9"}],"replies":[{"embeddable":true,"href":"https:\/\/suchtpraevention-eschwege.de\/index.php?rest_route=%2Fwp%2Fv2%2Fcomments&post=2972"}],"version-history":[{"count":15,"href":"https:\/\/suchtpraevention-eschwege.de\/index.php?rest_route=\/wp\/v2\/pages\/2972\/revisions"}],"predecessor-version":[{"id":3479,"href":"https:\/\/suchtpraevention-eschwege.de\/index.php?rest_route=\/wp\/v2\/pages\/2972\/revisions\/3479"}],"wp:attachment":[{"href":"https:\/\/suchtpraevention-eschwege.de\/index.php?rest_route=%2Fwp%2Fv2%2Fmedia&parent=2972"}],"curies":[{"name":"wp","href":"https:\/\/api.w.org\/{rel}","templated":true}]}}

Suchtprävention

<p><strong>Ansprechpartnerin:</strong></p>



<div class="wp-block-group"><div class="wp-block-group__inner-container is-layout-flow wp-block-group-is-layout-flow">
<div class="wp-block-group"><div class="wp-block-group__inner-container is-layout-flow wp-block-group-is-layout-flow">
<div class="wp-block-group"><div class="wp-block-group__inner-container is-layout-flow wp-block-group-is-layout-flow">
<div class="wp-block-columns is-layout-flex wp-container-core-columns-is-layout-9d6595d7 wp-block-columns-is-layout-flex">
<div class="wp-block-column is-layout-flow wp-block-column-is-layout-flow">
<div class="wp-block-image"><figure class="alignleft size-large is-resized"><img loading="lazy" decoding="async" src="https://suchtpraevention-eschwege.de/wp-content/uploads/2022/09/IMG-1069-4-703x1024.jpg" alt="" class="wp-image-3427" width="207" height="301" srcset="https://suchtpraevention-eschwege.de/wp-content/uploads/2022/09/IMG-1069-4-703x1024.jpg 703w, https://suchtpraevention-eschwege.de/wp-content/uploads/2022/09/IMG-1069-4-206x300.jpg 206w, https://suchtpraevention-eschwege.de/wp-content/uploads/2022/09/IMG-1069-4-768x1118.jpg 768w, https://suchtpraevention-eschwege.de/wp-content/uploads/2022/09/IMG-1069-4-1055x1536.jpg 1055w, https://suchtpraevention-eschwege.de/wp-content/uploads/2022/09/IMG-1069-4-1406x2048.jpg 1406w, https://suchtpraevention-eschwege.de/wp-content/uploads/2022/09/IMG-1069-4.jpg 1718w" sizes="auto, (max-width: 207px) 100vw, 207px" /><figcaption>Vanessa Fries</figcaption></figure></div>
</div>



<div class="wp-block-column is-layout-flow wp-block-column-is-layout-flow">
<p></p>
</div>
</div>
</div></div>
</div></div>
</div></div>



<p><strong>Fachstelle für Suchtprävention</strong><br>Diakonisches Werk Werra-Meißner<br>Vanessa Fries<br>Leuchtbergstraße 10 b<br>37269 Eschwege<strong><br></strong></p>



<p>Telefon: 0 56 51 / 33 94 29 &#8211; 6<br>Fax: 0 56 51 / 76 337</p>



<p></p>



<p>E-Mail: <a href="mailto:suchtpraevention@diakonie-werra-meissner.de">suchtpraevention@diakonie-werra-meissner.de</a></p>



<hr class="wp-block-separator"/>



<p></p>



<p><strong>Suchtprävention</strong></p>



<ul class="wp-block-list"><li>arbeitet vorrangig im Bereich der<strong>&nbsp;Primärprävention</strong> <strong>(universellen Prävention)</strong> zur Förderung der Persönlichkeitsentwicklung und allgemein zur Stärkung der Persönlichkeit.</li><li>möchte die&nbsp;schützenden Faktoren stärken, die einen späteren Suchtmittelmißbrauch verhindern können.</li><li>muß frühzeitig einsetzen,&nbsp;<strong>ursachenorientiert, ganzheitlich</strong>&nbsp;und langfristig angelegt sein und kontinuierlich und <strong>zielgruppenbezogen</strong>&nbsp;durchgeführt werden.</li><li>geht&nbsp;<strong>drogenunspezifisch&nbsp;</strong>vor.</li><li>ist Teil einer Gesamtkonzeption zur&nbsp;<strong>Gesundheitsförderung</strong>.</li><li>richtet sich (im Unterschied zur Suchtbehandlung) an alle&nbsp;<strong>gesunden Menschen</strong>. Einer Sucht vorbeugen kann und muß man, bevor sie sichtbar wird, bevor ein manifestes Suchtverhalten vorhanden ist.</li><li>möchte Menschen helfen, eigene&nbsp;<strong>Lebensbewältigungsstrategien</strong>&nbsp;zu entwickeln, die in kritischen Lebensphasen zum Tragen kommen. Dadurch kann verhindert werden, daß sie zu Betäubungsmitteln greifen, um Probleme zu bewältigen.</li><li>setzt sich u.a. mit folgenden&nbsp;Fragen&nbsp;auseinander: ,,Wie gehe ich mit Enttäuschungen, Verletzungen oder Konflikten um?”; “Wie selbstbewußt bin ich?”; ,,Welche Ziele habe ich in meinem Leben?”; ,,Worin liegt für mich der Sinn im Leben?”; ,,Was bewegt mich, wenn ich an meine Zukunft denke?”<br>Je mehr sich Menschen mit sich und ihrem Leben positiv auseinandersetzen, desto weniger werden sie versuchen, sich zu betäuben.</li><li>stellt nicht das Suchtmittel und die daraus resultierenden Gefährdungen in den Mittelpunkt, sondern versucht Zugang zu den persönlichen,&nbsp;<strong>kreativen Möglichkeiten</strong>&nbsp;zu eröffnen, die es ermöglichen, Erfolgserlebnisse und Lebensfreude zu erfahren.</li><li>ist kein statischer Zustand, sondern ein<strong>&nbsp;lebenslanger Prozess</strong>.</li><li>heißt&nbsp;<strong>kritische Auseinandersetzung mit Genuss und Genussmitteln</strong>.</li><li>ist kein Spezialfeld für Experten, sondern&nbsp;<strong>Aufgabe aller am Erziehungsprozess Beteiligten</strong>.</li><li>kann nur von Menschen geleistet werden, die die Zielgruppe über einen längeren Zeitraum begleiten, z.B. Eltern, Lehrer, Sozialarbeiter, etc.</li><li>muß deshalb z.B. in die Ausbildung von Lehrern, Medizinern, Erziehern, Sozialarbeitern integriert werden.<br>Eltern müssen entsprechende Kenntnisse erhalten.</li><li>wird effektiver, wenn Maßnahmen aufeinander abgestimmt werden und Einzelpersonen bzw. Institutionen in diesem Bereich&nbsp;<strong>vernetzt</strong>&nbsp;werden.</li><li>ist&nbsp;<strong>regional zu strukturieren</strong>&nbsp;(z.B. im Stadtteil, Stadt, Landkreis).</li><li>ist eine wichtige&nbsp;<strong>politische Aufgabe</strong>, geht es doch darum optimale Lebens- und Entwicklungsbedingungen für Menschen zu schaffen.</li><li>muß sich deshalb um eine&nbsp;<strong>Lobby</strong>&nbsp;im sozialen und politischen Bereich bemühen.</li></ul>



<p><strong>Die Fachstelle für Suchtprävention bietet folgende Dienstleistungen an:</strong></p>



<ul class="wp-block-list"><li>Beispielhafte Planung und Durchführung von erlebnisorientierten und informativen Veranstaltungen in Kindergärten, Konfirmanden- und Jugendgruppen sowie Vereinen</li><li>Mitarbeit in Schulen (z.B. bei Projekttagen und im Unterricht)</li><li>Öffentlichkeitsarbeit (Kontakt zu Presse und Rundfunk)</li><li>Schulung von Multiplikatoren (Jugendliche, Eltern, Lehrer, MitarbeiterInnen in Kindergärten, Vereinen und Jugendeinrichtungen)</li><li>Vortrags- und Gesprächsangebote in Volkshochschulen und anderen Bildungseinrichtungen</li><li>Mitarbeit in Arbeitskreisen zur Vermittlung und Schaffung präventiv wirkender Strukturen</li><li>Bereitstellung von Medien (Fachliteratur, Filme, Plakate, Spiele, Broschüren etc.)</li></ul>



<p></p>



<p></p>

<p>Ansprechpartnerin: Fachstelle für SuchtpräventionDiakonisches Werk Werra-MeißnerVanessa FriesLeuchtbergstraße 10 b37269 Eschwege Telefon: 0 56 51 / 33 94 29 &#8211; 6Fax: 0 56 51 / 76 337 E-Mail: suchtpraevention@diakonie-werra-meissner.de Suchtprävention arbeitet vorrangig im Bereich der&nbsp;Primärprävention (universellen Prävention) zur Förderung der Persönlichkeitsentwicklung und allgemein zur Stärkung der Persönlichkeit. möchte die&nbsp;schützenden Faktoren stärken, die einen späteren Suchtmittelmißbrauch verhindern [&hellip;]</p>
