{"id":311,"date":"2013-03-28T11:49:31","date_gmt":"2013-03-28T09:49:31","guid":{"rendered":"http:\/\/suchtpraevention-eschwege.de\/?page_id=311"},"modified":"2026-03-06T08:43:35","modified_gmt":"2026-03-06T07:43:35","slug":"fachberatung-gluecksspielsucht","status":"publish","type":"page","link":"https:\/\/suchtpraevention-eschwege.de\/?page_id=311","title":{"rendered":"Fachberatung Gl\u00fccksspielsucht"},"content":{"rendered":"<ul>\n<li><strong>Haben Sie jemals versucht, um immer mehr Geld zu spielen?<\/strong><\/li>\n<li><strong>Haben Sie jemals gegen\u00fcber anderen Menschen, die Ihnen wichtig waren, \u00fcber das Ausma\u00df Ihres Gl\u00fccksspielens l\u00fcgen m\u00fcssen?<\/strong><\/li>\n<\/ul>\n<p>Wenn Sie eine oder beide Fragen mit &#8222;Ja&#8220; beantwortet haben, sind Sie eventuell gef\u00e4hrdet oder haben eine Gl\u00fccksspielsuchtproblematik. Wir helfen Ihnen, spielfrei zu werden. Nehmen Sie Kontakt zu uns auf: 05651 33942-97 oder <a href=\"mailto:suchthilfe@diakonie-werra-meissner.de\">suchthilfe@diakonie-werra-meissner.de<\/a><\/p>\n<p><span style=\"color: #ff6600;\"> Die Beratung ist kostenlos und vertraulich.<\/span> Sie richtet sich auch an Angeh\u00f6rige.<\/p>\n<p>________________________________________________________<\/p>\n<p><strong>Sie planen eine Veranstaltung zum Thema Gl\u00fccksspielen und haben Interesse an einem Vortrag oder einem Workshop?<br \/><\/strong><\/p>\n<p>Dann melden Sie sich bitte f\u00fcr weitere Absprachen unter <span style=\"font-size: inherit;\">05651 \u2013 3394297 oder <\/span><a href=\"mailto:suchthilfe@diakonie-werra-meissner.de\">E-Mail<\/a><\/p>\n<p>______________________________________________________________<\/p>\n\n\n<p><\/p>\n","protected":false},"excerpt":{"rendered":"<p>Haben Sie jemals versucht, um immer mehr Geld zu spielen? Haben Sie jemals gegen\u00fcber anderen Menschen, die Ihnen wichtig waren, \u00fcber das Ausma\u00df Ihres Gl\u00fccksspielens l\u00fcgen m\u00fcssen? Wenn Sie eine oder beide Fragen mit &#8222;Ja&#8220; beantwortet haben, sind Sie eventuell gef\u00e4hrdet oder haben eine Gl\u00fccksspielsuchtproblematik. Wir helfen Ihnen, spielfrei zu werden. Nehmen Sie Kontakt zu [&hellip;]<\/p>\n","protected":false},"author":6,"featured_media":0,"parent":0,"menu_order":0,"comment_status":"closed","ping_status":"open","template":"","meta":{"footnotes":""},"class_list":["post-311","page","type-page","status-publish","hentry"],"_links":{"self":[{"href":"https:\/\/suchtpraevention-eschwege.de\/index.php?rest_route=\/wp\/v2\/pages\/311","targetHints":{"allow":["GET"]}}],"collection":[{"href":"https:\/\/suchtpraevention-eschwege.de\/index.php?rest_route=\/wp\/v2\/pages"}],"about":[{"href":"https:\/\/suchtpraevention-eschwege.de\/index.php?rest_route=\/wp\/v2\/types\/page"}],"author":[{"embeddable":true,"href":"https:\/\/suchtpraevention-eschwege.de\/index.php?rest_route=\/wp\/v2\/users\/6"}],"replies":[{"embeddable":true,"href":"https:\/\/suchtpraevention-eschwege.de\/index.php?rest_route=%2Fwp%2Fv2%2Fcomments&post=311"}],"version-history":[{"count":16,"href":"https:\/\/suchtpraevention-eschwege.de\/index.php?rest_route=\/wp\/v2\/pages\/311\/revisions"}],"predecessor-version":[{"id":22242,"href":"https:\/\/suchtpraevention-eschwege.de\/index.php?rest_route=\/wp\/v2\/pages\/311\/revisions\/22242"}],"wp:attachment":[{"href":"https:\/\/suchtpraevention-eschwege.de\/index.php?rest_route=%2Fwp%2Fv2%2Fmedia&parent=311"}],"curies":[{"name":"wp","href":"https:\/\/api.w.org\/{rel}","templated":true}]}}