{"id":521,"date":"2013-04-15T15:39:54","date_gmt":"2013-04-15T13:39:54","guid":{"rendered":"http:\/\/suchtpraevention-eschwege.de\/?page_id=521"},"modified":"2026-03-06T08:46:20","modified_gmt":"2026-03-06T07:46:20","slug":"beratung-bei-gluecksspielsucht","status":"publish","type":"page","link":"https:\/\/suchtpraevention-eschwege.de\/?page_id=521","title":{"rendered":"Beratung bei Gl\u00fccksspielsucht"},"content":{"rendered":"<p>Unser Beratungsangebot richtet sich an betroffene Gl\u00fccksspieler und Gl\u00fccksspielerinnen, an Familienangeh\u00f6rige, Freunde, Arbeitgeber und an alle, die Fragen haben oder Rat und Hilfe suchen.\u00a0<\/p>\n<p>Sie erhalten kurzfristig einen Termin. Die Beratung ist kostenlos und vertraulich. Wir geben auch Unterst\u00fctzung bei der Vermittlung in geeignete therapeutische M\u00f6glichkeiten z.B. einer station\u00e4ren Entw\u00f6hnungsbehandlung und helfen bei Sperrantr\u00e4gen.<\/p>\n<p>Tel.: 05651- 3394297<br \/><a href=\"mailto:suchthilfe@diakonie-werra-meissner.de\">E-Mail<\/a><\/p>\n<p>____________________________________________________________<\/p>\n<h3>Entwicklung der Gl\u00fccksspielsucht in 3 Stadien:<\/h3>\n<h4>1. Gl\u00fccksspielen als Freizeitvergn\u00fcgen<\/h4>\n<p>Am Anfang steht das seltene oder gelegentliche Gl\u00fccksspielen im Freundeskreis als Freizeitvergn\u00fcgen mit geringen Eins\u00e4tzen. Man erlebt Freude, Aufregung und Entspannung.<\/p>\n<h4>2. Problematisches Gl\u00fccksspielen<\/h4>\n<p>Problematisch wird es, wenn man h\u00e4ufiger und risikoreicher zu spielen beginnt, die Eins\u00e4tze steigen, Schule\/Beruf, Partnerschaft und andere Freizeitinteressen wie Sport vernachl\u00e4ssigt. Typisch ist die Aufholjagd: man will verlorene Eins\u00e4tze unbedingt zur\u00fcckgewinnen.<\/p>\n<h4>\u00a03. pathologisches Gl\u00fccksspielen<\/h4>\n<p>Pathologisches Gl\u00fccksspielen bedeutet s\u00fcchtiges, unkontrollierbar gewordenes Gl\u00fccksspielen. Man ger\u00e4t unter Geldbeschaffungsdruck. Das Gl\u00fccksspielen wird immer mehr zum zentralen Lebensinhalt. Man ver\u00e4ndert sich, wird unruhig, gereizt, und am Ende depressiv. Man verschuldet sich immer mehr, die Konflikte in der Familie und in der Schule\/am Arbeitsplatz nehmen zu. Mehrere Versuche, das Gl\u00fccksspiel von alleine zu beenden, scheitern.<\/p>\n<p><strong><span style=\"color: #333333;\"><span style=\"color: #800000;\">Nehmen Sie zu uns Kontakt auf, wenn Sie sich Klarheit verschaffen oder aus dem Teufelskreis der Gl\u00fccksspielsucht aussteigen wollen! Wir geben Ihnen gerne Unterst\u00fctzung.\u00a0<\/span> <\/span><\/strong><\/p>\n<p>Weitere Informationen finden Sie hier:<\/p>\n<p><a title=\"Information und Beratung zu den Themen Gl\u00fccksspiel und Gl\u00fccksspielsucht\" href=\"http:\/\/www.check-dein-spiel.de\" target=\"_blank\" rel=\"noopener noreferrer\">BzgA &#8211; Check dein Spiel<\/a><\/p>\n<p><a title=\"Hessische Landesstelle f\u00fcr Suchtfragen\" href=\"https:\/\/www.hls-online.org\/arbeitsbereiche\/gluecksspiel\/gluecksspielsucht\/landesprojekt-hessen\/\">Hessische Landesstelle f\u00fcr Suchtfragen<\/a><\/p>\n\n\n<p>Sie haben die M\u00f6glichkeit, sich \u00fcber das <strong>bundesweite Sperrsystem OASIS<\/strong> f\u00fcr das Gl\u00fccksspiel sperren zu lassen. F\u00fcr viele Betroffene ist die Sperre ein erster Schritt in Richtung Spielfreiheit. Auf der Seite des <a href=\"https:\/\/rp-darmstadt.hessen.de\/sicherheit-und-kommunales\/gluecksspiel\/spielsuchtpraevention\/faq-spieler\">Regierungspr\u00e4sidium Darmstadt<\/a> erhalten Sie alle notwendigen Informationen zur Sperre sowie die Antragsformulare. Gerne unterst\u00fctzen wir Sie dabei. <\/p>\n","protected":false},"excerpt":{"rendered":"<p>Unser Beratungsangebot richtet sich an betroffene Gl\u00fccksspieler und Gl\u00fccksspielerinnen, an Familienangeh\u00f6rige, Freunde, Arbeitgeber und an alle, die Fragen haben oder Rat und Hilfe suchen.\u00a0 Sie erhalten kurzfristig einen Termin. Die Beratung ist kostenlos und vertraulich. Wir geben auch Unterst\u00fctzung bei der Vermittlung in geeignete therapeutische M\u00f6glichkeiten z.B. einer station\u00e4ren Entw\u00f6hnungsbehandlung und helfen bei Sperrantr\u00e4gen. Tel.: [&hellip;]<\/p>\n","protected":false},"author":9,"featured_media":0,"parent":0,"menu_order":0,"comment_status":"closed","ping_status":"open","template":"","meta":{"footnotes":""},"class_list":["post-521","page","type-page","status-publish","hentry"],"_links":{"self":[{"href":"https:\/\/suchtpraevention-eschwege.de\/index.php?rest_route=\/wp\/v2\/pages\/521","targetHints":{"allow":["GET"]}}],"collection":[{"href":"https:\/\/suchtpraevention-eschwege.de\/index.php?rest_route=\/wp\/v2\/pages"}],"about":[{"href":"https:\/\/suchtpraevention-eschwege.de\/index.php?rest_route=\/wp\/v2\/types\/page"}],"author":[{"embeddable":true,"href":"https:\/\/suchtpraevention-eschwege.de\/index.php?rest_route=\/wp\/v2\/users\/9"}],"replies":[{"embeddable":true,"href":"https:\/\/suchtpraevention-eschwege.de\/index.php?rest_route=%2Fwp%2Fv2%2Fcomments&post=521"}],"version-history":[{"count":25,"href":"https:\/\/suchtpraevention-eschwege.de\/index.php?rest_route=\/wp\/v2\/pages\/521\/revisions"}],"predecessor-version":[{"id":22244,"href":"https:\/\/suchtpraevention-eschwege.de\/index.php?rest_route=\/wp\/v2\/pages\/521\/revisions\/22244"}],"wp:attachment":[{"href":"https:\/\/suchtpraevention-eschwege.de\/index.php?rest_route=%2Fwp%2Fv2%2Fmedia&parent=521"}],"curies":[{"name":"wp","href":"https:\/\/api.w.org\/{rel}","templated":true}]}}