{"id":788,"date":"2013-08-13T14:54:34","date_gmt":"2013-08-13T12:54:34","guid":{"rendered":"http:\/\/suchtpraevention-eschwege.de\/?page_id=788"},"modified":"2022-05-06T12:56:28","modified_gmt":"2022-05-06T10:56:28","slug":"star","status":"publish","type":"page","link":"https:\/\/suchtpraevention-eschwege.de\/?page_id=788","title":{"rendered":"STAR &#8211; stay together, act responsible"},"content":{"rendered":"<p><strong><a href=\"https:\/\/suchtpraevention-eschwege.de\/wp-content\/uploads\/2013\/04\/01010016.jpg\"><img loading=\"lazy\" decoding=\"async\" class=\"alignleft\" src=\"https:\/\/suchtpraevention-eschwege.de\/wp-content\/uploads\/2013\/04\/01010016-300x225.jpg\" alt=\"01010016\" width=\"300\" height=\"225\" \/><\/a><\/strong>Star ist ein inhaltlich aufeinander abgestimmtes sucht- und gewaltpr\u00e4ventives Projekt f\u00fcr die Arbeit mit Sch\u00fclern der Jahrgangsstufe 5 und 6 mit einer Laufzeit von zwei Jahren mit dem Ziel, Kinder in ihrer Entwicklung zu unterst\u00fctzen und kontinuierlich zu begleiten. Soziales Lernen, die F\u00f6rderung von Lebens- und Alltagskompetenzen sowie die St\u00e4rkung einer selbstbestimmten Pers\u00f6nlichkeit stehen dabei im Vordergrund. Auf diese Weise kann m\u00f6glichen Gefahren und Problemverhalten vorgebeugt und entgegengewirkt werden.<\/p>\n<p align=\"left\">Bausteine des Projektes sind<br \/>\nKlassenfindungstage<br \/>\nAktionstage zur Entwicklung von Kommunikations- und Konfliktl\u00f6sungskompetenzen<br \/>\nModule zur Suchtpr\u00e4vention, Pr\u00e4vention von (sexualisierter) Gewalt, Sexualp\u00e4dagogik, Medienp\u00e4dagogik<br \/>\n\u201eAllgemeine Lebenskompetenzen und Fertigkeiten\u201c (ALF), ein evaluiertes Lebenskompetenzprogramm<br \/>\nElternarbeit<br \/>\nTask-Force &#8211; Professionelle Unterst\u00fctzung in Krisensituationen<\/p>\n<p align=\"left\">\n<p align=\"left\"><a href=\"https:\/\/suchtpraevention-eschwege.de\/wp-content\/uploads\/2013\/08\/Konzept_STAR.pdf\">Konzept_STAR<\/a><\/p>\n","protected":false},"excerpt":{"rendered":"<p>Star ist ein inhaltlich aufeinander abgestimmtes sucht- und gewaltpr\u00e4ventives Projekt f\u00fcr die Arbeit mit Sch\u00fclern der Jahrgangsstufe 5 und 6 mit einer Laufzeit von zwei Jahren mit dem Ziel, Kinder in ihrer Entwicklung zu unterst\u00fctzen und kontinuierlich zu begleiten. Soziales Lernen, die F\u00f6rderung von Lebens- und Alltagskompetenzen sowie die St\u00e4rkung einer selbstbestimmten Pers\u00f6nlichkeit stehen dabei [&hellip;]<\/p>\n","protected":false},"author":9,"featured_media":0,"parent":0,"menu_order":0,"comment_status":"closed","ping_status":"closed","template":"","meta":{"footnotes":""},"class_list":["post-788","page","type-page","status-publish","hentry"],"_links":{"self":[{"href":"https:\/\/suchtpraevention-eschwege.de\/index.php?rest_route=\/wp\/v2\/pages\/788","targetHints":{"allow":["GET"]}}],"collection":[{"href":"https:\/\/suchtpraevention-eschwege.de\/index.php?rest_route=\/wp\/v2\/pages"}],"about":[{"href":"https:\/\/suchtpraevention-eschwege.de\/index.php?rest_route=\/wp\/v2\/types\/page"}],"author":[{"embeddable":true,"href":"https:\/\/suchtpraevention-eschwege.de\/index.php?rest_route=\/wp\/v2\/users\/9"}],"replies":[{"embeddable":true,"href":"https:\/\/suchtpraevention-eschwege.de\/index.php?rest_route=%2Fwp%2Fv2%2Fcomments&post=788"}],"version-history":[{"count":5,"href":"https:\/\/suchtpraevention-eschwege.de\/index.php?rest_route=\/wp\/v2\/pages\/788\/revisions"}],"predecessor-version":[{"id":3362,"href":"https:\/\/suchtpraevention-eschwege.de\/index.php?rest_route=\/wp\/v2\/pages\/788\/revisions\/3362"}],"wp:attachment":[{"href":"https:\/\/suchtpraevention-eschwege.de\/index.php?rest_route=%2Fwp%2Fv2%2Fmedia&parent=788"}],"curies":[{"name":"wp","href":"https:\/\/api.w.org\/{rel}","templated":true}]}}