{"id":797,"date":"2013-08-13T15:00:45","date_gmt":"2013-08-13T13:00:45","guid":{"rendered":"http:\/\/suchtpraevention-eschwege.de\/?page_id=797"},"modified":"2021-06-17T10:53:27","modified_gmt":"2021-06-17T08:53:27","slug":"karikaturen","status":"publish","type":"page","link":"https:\/\/suchtpraevention-eschwege.de\/?page_id=797","title":{"rendered":"Karikaturenausstellung"},"content":{"rendered":"<p><a href=\"https:\/\/suchtpraevention-eschwege.de\/wp-content\/uploads\/2013\/08\/Brueggemann.gif\"><img loading=\"lazy\" decoding=\"async\" class=\" wp-image-1020 alignleft\" src=\"https:\/\/suchtpraevention-eschwege.de\/wp-content\/uploads\/2013\/08\/Brueggemann-209x300.gif\" alt=\"Brueggemann\" width=\"146\" height=\"207\"><\/a><\/p>\n<p><strong>Mit spitzer Feder gegen die Sucht<\/strong><br \/>\nVor einigen Jahren haben der Studienkreis e.V. und die Deutsche Jugendpresse Sch\u00fclerinnen und Sch\u00fcler von 6 &#8211; 22 Jahren aufgefordert, Karikaturen und Comics zum Thema &#8222;Sucht&#8220; zu zeichnen, um sich an einem bundesweiten Karikaturenwettbewerb zu beteiligen.<\/p>\n<p>Die Karikaturen gehen scheinbaren Gl\u00fccksgef\u00fchlen und der gef\u00e4hrlichen Lust am Rausch auf den Grund. Dabei stehen nicht in erster Linie Szenen aus dem Drogenelend im Mittelpunkt, sondern vor allem allt\u00e4gliche Konsumgewohnheiten und deren Ursachen. In den Karikaturen und Cartoons werden auf ganz unterschiedliche Weise Ursachen und Folgen von Abh\u00e4ngigkeit dargestellt. Die Clique, die Druck aus\u00fcbt, wird ebenso kritisch gezeigt wie das Elternpaar, das mit Zigarette und Bierflasche in der Hand \u00fcber den exzessiven Fernsehkonsum seines Kindes schimpft. Die Karikaturen sollen Erwachsene und Jugendliche gleicherma\u00dfen nachdenklich stimmen und ermutigen, \u00fcber ihr eigenes Verhalten nachzudenken.<\/p>\n<p>Die pr\u00e4mierten, aussagekr\u00e4ftigsten Bilder wurden in Form einer Ausstellung auf \u201aWanderschaft\u2019 geschickt. Auch im Hessischen Landtag wurden sie gezeigt.<\/p>\n<p>Die Fachstelle f\u00fcr Suchtpr\u00e4vention hat eine Duplikat-Ausstellung erhalten. Sie ist als Wanderausstellung&nbsp; f\u00fcr Schulen, Organisationen, Kirchen, Vereine im Werra-Mei\u00dfner-Kreis gedacht. Gerne nehmen wir aber auch Anfragen dar\u00fcber hinaus an.<\/p>\n<p>Ca. 20 gerahmte Bilder in zwei Kisten stehen zur Verf\u00fcgung. Die Ausstellung ist kostenlos. F\u00fcr den Transport ist der Ausleiher zust\u00e4ndig, ebenso f\u00fcr die Behebung etwaiger Sch\u00e4den.<\/p>\n\n\t\t\t<div id='gallery-797-1' class='gallery gallery-797'>\n\t\t\t\t<div class='gallery-row gallery-col-3 gallery-clear'>\n\t\t\t\t\t<figure class='gallery-item col-3'>\n\t\t\t\t\t\t<div class='gallery-icon '><a href='https:\/\/suchtpraevention-eschwege.de\/?attachment_id=2063'><img loading=\"lazy\" decoding=\"async\" width=\"150\" height=\"150\" src=\"https:\/\/suchtpraevention-eschwege.de\/wp-content\/uploads\/2013\/08\/hl4-150x150.jpg\" class=\"attachment-thumbnail size-thumbnail\" alt=\"\" \/><\/a><\/div>\n\t\t\t\t\t<\/figure>\n\t\t\t\t\t<figure class='gallery-item col-3'>\n\t\t\t\t\t\t<div class='gallery-icon '><a href='https:\/\/suchtpraevention-eschwege.de\/?attachment_id=2062'><img loading=\"lazy\" decoding=\"async\" width=\"150\" height=\"150\" src=\"https:\/\/suchtpraevention-eschwege.de\/wp-content\/uploads\/2013\/08\/hl3-150x150.jpg\" class=\"attachment-thumbnail size-thumbnail\" alt=\"\" \/><\/a><\/div>\n\t\t\t\t\t<\/figure>\n\t\t\t\t\t<figure class='gallery-item col-3'>\n\t\t\t\t\t\t<div class='gallery-icon '><a href='https:\/\/suchtpraevention-eschwege.de\/?attachment_id=2061'><img loading=\"lazy\" decoding=\"async\" width=\"150\" height=\"150\" src=\"https:\/\/suchtpraevention-eschwege.de\/wp-content\/uploads\/2013\/08\/hl2-150x150.jpg\" class=\"attachment-thumbnail size-thumbnail\" alt=\"\" \/><\/a><\/div>\n\t\t\t\t\t<\/figure>\n\t\t\t\t<\/div>\n\t\t\t\t<div class='gallery-row gallery-col-3 gallery-clear'>\n\t\t\t\t\t<figure class='gallery-item col-3'>\n\t\t\t\t\t\t<div class='gallery-icon '><a href='https:\/\/suchtpraevention-eschwege.de\/?attachment_id=2060'><img loading=\"lazy\" decoding=\"async\" width=\"150\" height=\"150\" src=\"https:\/\/suchtpraevention-eschwege.de\/wp-content\/uploads\/2013\/08\/hl1-150x150.jpg\" class=\"attachment-thumbnail size-thumbnail\" alt=\"\" \/><\/a><\/div>\n\t\t\t\t\t<\/figure>\n\t\t\t<\/div>\n\t\t\t<\/div><!-- .gallery -->\n\n<p>Beispiele:<\/p>\n\n\t\t\t<div id='gallery-797-2' class='gallery gallery-797'>\n\t\t\t\t<div class='gallery-row gallery-col-3 gallery-clear'>\n\t\t\t\t\t<figure class='gallery-item col-3'>\n\t\t\t\t\t\t<div class='gallery-icon '><a href='https:\/\/suchtpraevention-eschwege.de\/?attachment_id=1022'><img loading=\"lazy\" decoding=\"async\" width=\"150\" height=\"150\" src=\"https:\/\/suchtpraevention-eschwege.de\/wp-content\/uploads\/2013\/08\/Peters-150x150.gif\" class=\"attachment-thumbnail size-thumbnail\" alt=\"\" \/><\/a><\/div>\n\t\t\t\t\t<\/figure>\n\t\t\t\t\t<figure class='gallery-item col-3'>\n\t\t\t\t\t\t<div class='gallery-icon '><a href='https:\/\/suchtpraevention-eschwege.de\/?attachment_id=1021'><img loading=\"lazy\" decoding=\"async\" width=\"150\" height=\"150\" src=\"https:\/\/suchtpraevention-eschwege.de\/wp-content\/uploads\/2013\/08\/Kersting-150x150.gif\" class=\"attachment-thumbnail size-thumbnail\" alt=\"\" \/><\/a><\/div>\n\t\t\t\t\t<\/figure>\n\t\t\t\t\t<figure class='gallery-item col-3'>\n\t\t\t\t\t\t<div class='gallery-icon '><a href='https:\/\/suchtpraevention-eschwege.de\/?attachment_id=1020'><img loading=\"lazy\" decoding=\"async\" width=\"150\" height=\"150\" src=\"https:\/\/suchtpraevention-eschwege.de\/wp-content\/uploads\/2013\/08\/Brueggemann-150x150.gif\" class=\"attachment-thumbnail size-thumbnail\" alt=\"\" \/><\/a><\/div>\n\t\t\t\t\t<\/figure>\n\t\t\t\t<\/div>\n\t\t\t\t<div class='gallery-row gallery-col-3 gallery-clear'>\n\t\t\t\t\t<figure class='gallery-item col-3'>\n\t\t\t\t\t\t<div class='gallery-icon '><a href='https:\/\/suchtpraevention-eschwege.de\/?attachment_id=824'><img loading=\"lazy\" decoding=\"async\" width=\"150\" height=\"150\" src=\"https:\/\/suchtpraevention-eschwege.de\/wp-content\/uploads\/2013\/08\/Strohbach-150x150.gif\" class=\"attachment-thumbnail size-thumbnail\" alt=\"\" \/><\/a><\/div>\n\t\t\t\t\t<\/figure>\n\t\t\t\t\t<figure class='gallery-item col-3'>\n\t\t\t\t\t\t<div class='gallery-icon '><a href='https:\/\/suchtpraevention-eschwege.de\/?attachment_id=823'><img loading=\"lazy\" decoding=\"async\" width=\"150\" height=\"150\" src=\"https:\/\/suchtpraevention-eschwege.de\/wp-content\/uploads\/2013\/08\/Van-150x150.gif\" class=\"attachment-thumbnail size-thumbnail\" alt=\"\" \/><\/a><\/div>\n\t\t\t\t\t<\/figure>\n\t\t\t\t\t<figure class='gallery-item col-3'>\n\t\t\t\t\t\t<div class='gallery-icon '><a href='https:\/\/suchtpraevention-eschwege.de\/?attachment_id=822'><img loading=\"lazy\" decoding=\"async\" width=\"150\" height=\"150\" src=\"https:\/\/suchtpraevention-eschwege.de\/wp-content\/uploads\/2013\/08\/Witerholler-150x150.gif\" class=\"attachment-thumbnail size-thumbnail\" alt=\"\" \/><\/a><\/div>\n\t\t\t\t\t<\/figure>\n\t\t\t\t<\/div>\n\t\t\t\t<div class='gallery-row gallery-col-3 gallery-clear'>\n\t\t\t\t\t<figure class='gallery-item col-3'>\n\t\t\t\t\t\t<div class='gallery-icon '><a href='https:\/\/suchtpraevention-eschwege.de\/?attachment_id=821'><img loading=\"lazy\" decoding=\"async\" width=\"150\" height=\"150\" src=\"https:\/\/suchtpraevention-eschwege.de\/wp-content\/uploads\/2013\/08\/Pusch-150x150.gif\" class=\"attachment-thumbnail size-thumbnail\" alt=\"\" \/><\/a><\/div>\n\t\t\t\t\t<\/figure>\n\t\t\t\t\t<figure class='gallery-item col-3'>\n\t\t\t\t\t\t<div class='gallery-icon '><a href='https:\/\/suchtpraevention-eschwege.de\/?attachment_id=820'><img loading=\"lazy\" decoding=\"async\" width=\"150\" height=\"150\" src=\"https:\/\/suchtpraevention-eschwege.de\/wp-content\/uploads\/2013\/08\/Mundt-150x150.gif\" class=\"attachment-thumbnail size-thumbnail\" alt=\"\" \/><\/a><\/div>\n\t\t\t\t\t<\/figure>\n\t\t\t<\/div>\n\t\t\t<\/div><!-- .gallery -->\n\n","protected":false},"excerpt":{"rendered":"<p>Mit spitzer Feder gegen die Sucht Vor einigen Jahren haben der Studienkreis e.V. und die Deutsche Jugendpresse Sch\u00fclerinnen und Sch\u00fcler von 6 &#8211; 22 Jahren aufgefordert, Karikaturen und Comics zum Thema &#8222;Sucht&#8220; zu zeichnen, um sich an einem bundesweiten Karikaturenwettbewerb zu beteiligen. Die Karikaturen gehen scheinbaren Gl\u00fccksgef\u00fchlen und der gef\u00e4hrlichen Lust am Rausch auf den [&hellip;]<\/p>\n","protected":false},"author":9,"featured_media":0,"parent":2972,"menu_order":0,"comment_status":"closed","ping_status":"closed","template":"","meta":{"footnotes":""},"class_list":["post-797","page","type-page","status-publish","hentry"],"_links":{"self":[{"href":"https:\/\/suchtpraevention-eschwege.de\/index.php?rest_route=\/wp\/v2\/pages\/797","targetHints":{"allow":["GET"]}}],"collection":[{"href":"https:\/\/suchtpraevention-eschwege.de\/index.php?rest_route=\/wp\/v2\/pages"}],"about":[{"href":"https:\/\/suchtpraevention-eschwege.de\/index.php?rest_route=\/wp\/v2\/types\/page"}],"author":[{"embeddable":true,"href":"https:\/\/suchtpraevention-eschwege.de\/index.php?rest_route=\/wp\/v2\/users\/9"}],"replies":[{"embeddable":true,"href":"https:\/\/suchtpraevention-eschwege.de\/index.php?rest_route=%2Fwp%2Fv2%2Fcomments&post=797"}],"version-history":[{"count":9,"href":"https:\/\/suchtpraevention-eschwege.de\/index.php?rest_route=\/wp\/v2\/pages\/797\/revisions"}],"predecessor-version":[{"id":3120,"href":"https:\/\/suchtpraevention-eschwege.de\/index.php?rest_route=\/wp\/v2\/pages\/797\/revisions\/3120"}],"up":[{"embeddable":true,"href":"https:\/\/suchtpraevention-eschwege.de\/index.php?rest_route=\/wp\/v2\/pages\/2972"}],"wp:attachment":[{"href":"https:\/\/suchtpraevention-eschwege.de\/index.php?rest_route=%2Fwp%2Fv2%2Fmedia&parent=797"}],"curies":[{"name":"wp","href":"https:\/\/api.w.org\/{rel}","templated":true}]}}

<p><a href="https://suchtpraevention-eschwege.de/wp-content/uploads/2013/08/Brueggemann.gif"><img loading="lazy" decoding="async" class=" wp-image-1020 alignleft" src="https://suchtpraevention-eschwege.de/wp-content/uploads/2013/08/Brueggemann-209x300.gif" alt="Brueggemann" width="146" height="207"></a></p>
<p><strong>Mit spitzer Feder gegen die Sucht</strong><br />
Vor einigen Jahren haben der Studienkreis e.V. und die Deutsche Jugendpresse Schülerinnen und Schüler von 6 &#8211; 22 Jahren aufgefordert, Karikaturen und Comics zum Thema &#8222;Sucht&#8220; zu zeichnen, um sich an einem bundesweiten Karikaturenwettbewerb zu beteiligen.</p>
<p>Die Karikaturen gehen scheinbaren Glücksgefühlen und der gefährlichen Lust am Rausch auf den Grund. Dabei stehen nicht in erster Linie Szenen aus dem Drogenelend im Mittelpunkt, sondern vor allem alltägliche Konsumgewohnheiten und deren Ursachen. In den Karikaturen und Cartoons werden auf ganz unterschiedliche Weise Ursachen und Folgen von Abhängigkeit dargestellt. Die Clique, die Druck ausübt, wird ebenso kritisch gezeigt wie das Elternpaar, das mit Zigarette und Bierflasche in der Hand über den exzessiven Fernsehkonsum seines Kindes schimpft. Die Karikaturen sollen Erwachsene und Jugendliche gleichermaßen nachdenklich stimmen und ermutigen, über ihr eigenes Verhalten nachzudenken.</p>
<p>Die prämierten, aussagekräftigsten Bilder wurden in Form einer Ausstellung auf ‚Wanderschaft’ geschickt. Auch im Hessischen Landtag wurden sie gezeigt.</p>
<p>Die Fachstelle für Suchtprävention hat eine Duplikat-Ausstellung erhalten. Sie ist als Wanderausstellung&nbsp; für Schulen, Organisationen, Kirchen, Vereine im Werra-Meißner-Kreis gedacht. Gerne nehmen wir aber auch Anfragen darüber hinaus an.</p>
<p>Ca. 20 gerahmte Bilder in zwei Kisten stehen zur Verfügung. Die Ausstellung ist kostenlos. Für den Transport ist der Ausleiher zuständig, ebenso für die Behebung etwaiger Schäden.</p>

			<div id='gallery-797-1' class='gallery gallery-797'>
				<div class='gallery-row gallery-col-3 gallery-clear'>
					<figure class='gallery-item col-3'>
						<div class='gallery-icon '><a href='https://suchtpraevention-eschwege.de/?attachment_id=2063'><img loading="lazy" decoding="async" width="150" height="150" src="https://suchtpraevention-eschwege.de/wp-content/uploads/2013/08/hl4-150x150.jpg" class="attachment-thumbnail size-thumbnail" alt="" /></a></div>
					</figure>
					<figure class='gallery-item col-3'>
						<div class='gallery-icon '><a href='https://suchtpraevention-eschwege.de/?attachment_id=2062'><img loading="lazy" decoding="async" width="150" height="150" src="https://suchtpraevention-eschwege.de/wp-content/uploads/2013/08/hl3-150x150.jpg" class="attachment-thumbnail size-thumbnail" alt="" /></a></div>
					</figure>
					<figure class='gallery-item col-3'>
						<div class='gallery-icon '><a href='https://suchtpraevention-eschwege.de/?attachment_id=2061'><img loading="lazy" decoding="async" width="150" height="150" src="https://suchtpraevention-eschwege.de/wp-content/uploads/2013/08/hl2-150x150.jpg" class="attachment-thumbnail size-thumbnail" alt="" /></a></div>
					</figure>
				</div>
				<div class='gallery-row gallery-col-3 gallery-clear'>
					<figure class='gallery-item col-3'>
						<div class='gallery-icon '><a href='https://suchtpraevention-eschwege.de/?attachment_id=2060'><img loading="lazy" decoding="async" width="150" height="150" src="https://suchtpraevention-eschwege.de/wp-content/uploads/2013/08/hl1-150x150.jpg" class="attachment-thumbnail size-thumbnail" alt="" /></a></div>
					</figure>
			</div>
			</div><!-- .gallery -->

<p>Beispiele:</p>

			<div id='gallery-797-2' class='gallery gallery-797'>
				<div class='gallery-row gallery-col-3 gallery-clear'>
					<figure class='gallery-item col-3'>
						<div class='gallery-icon '><a href='https://suchtpraevention-eschwege.de/?attachment_id=1022'><img loading="lazy" decoding="async" width="150" height="150" src="https://suchtpraevention-eschwege.de/wp-content/uploads/2013/08/Peters-150x150.gif" class="attachment-thumbnail size-thumbnail" alt="" /></a></div>
					</figure>
					<figure class='gallery-item col-3'>
						<div class='gallery-icon '><a href='https://suchtpraevention-eschwege.de/?attachment_id=1021'><img loading="lazy" decoding="async" width="150" height="150" src="https://suchtpraevention-eschwege.de/wp-content/uploads/2013/08/Kersting-150x150.gif" class="attachment-thumbnail size-thumbnail" alt="" /></a></div>
					</figure>
					<figure class='gallery-item col-3'>
						<div class='gallery-icon '><a href='https://suchtpraevention-eschwege.de/?attachment_id=1020'><img loading="lazy" decoding="async" width="150" height="150" src="https://suchtpraevention-eschwege.de/wp-content/uploads/2013/08/Brueggemann-150x150.gif" class="attachment-thumbnail size-thumbnail" alt="" /></a></div>
					</figure>
				</div>
				<div class='gallery-row gallery-col-3 gallery-clear'>
					<figure class='gallery-item col-3'>
						<div class='gallery-icon '><a href='https://suchtpraevention-eschwege.de/?attachment_id=824'><img loading="lazy" decoding="async" width="150" height="150" src="https://suchtpraevention-eschwege.de/wp-content/uploads/2013/08/Strohbach-150x150.gif" class="attachment-thumbnail size-thumbnail" alt="" /></a></div>
					</figure>
					<figure class='gallery-item col-3'>
						<div class='gallery-icon '><a href='https://suchtpraevention-eschwege.de/?attachment_id=823'><img loading="lazy" decoding="async" width="150" height="150" src="https://suchtpraevention-eschwege.de/wp-content/uploads/2013/08/Van-150x150.gif" class="attachment-thumbnail size-thumbnail" alt="" /></a></div>
					</figure>
					<figure class='gallery-item col-3'>
						<div class='gallery-icon '><a href='https://suchtpraevention-eschwege.de/?attachment_id=822'><img loading="lazy" decoding="async" width="150" height="150" src="https://suchtpraevention-eschwege.de/wp-content/uploads/2013/08/Witerholler-150x150.gif" class="attachment-thumbnail size-thumbnail" alt="" /></a></div>
					</figure>
				</div>
				<div class='gallery-row gallery-col-3 gallery-clear'>
					<figure class='gallery-item col-3'>
						<div class='gallery-icon '><a href='https://suchtpraevention-eschwege.de/?attachment_id=821'><img loading="lazy" decoding="async" width="150" height="150" src="https://suchtpraevention-eschwege.de/wp-content/uploads/2013/08/Pusch-150x150.gif" class="attachment-thumbnail size-thumbnail" alt="" /></a></div>
					</figure>
					<figure class='gallery-item col-3'>
						<div class='gallery-icon '><a href='https://suchtpraevention-eschwege.de/?attachment_id=820'><img loading="lazy" decoding="async" width="150" height="150" src="https://suchtpraevention-eschwege.de/wp-content/uploads/2013/08/Mundt-150x150.gif" class="attachment-thumbnail size-thumbnail" alt="" /></a></div>
					</figure>
			</div>
			</div><!-- .gallery -->

<p>Mit spitzer Feder gegen die Sucht Vor einigen Jahren haben der Studienkreis e.V. und die Deutsche Jugendpresse Schülerinnen und Schüler von 6 &#8211; 22 Jahren aufgefordert, Karikaturen und Comics zum Thema &#8222;Sucht&#8220; zu zeichnen, um sich an einem bundesweiten Karikaturenwettbewerb zu beteiligen. Die Karikaturen gehen scheinbaren Glücksgefühlen und der gefährlichen Lust am Rausch auf den [&hellip;]</p>
